 is the units digit of 1057?
7
What is the hundreds digit of 11994?
9
What is the hundreds digit of 739?
7
What is the units digit of 2033?
3
What is the tens digit of 792?
9
What is the thousands digit of 161184?
1
What is the thousands digit of 1342?
1
What is the tens digit of 16275?
7
What is the units digit of 445?
5
What is the thousands digit of 4315?
4
What is the tens digit of 8836?
3
What is the units digit of 842?
2
What is the hundred thousands digit of 132773?
1
What is the tens digit of 900?
0
What is the units digit of 216?
6
What is the units digit of 1002?
2
What is the units digit of 8160?
0
What is the thousands digit of 1173?
1
What is the thousands digit of 12355?
2
What is the thousands digit of 1906?
1
What is the units digit of 107986?
6
What is the hundreds digit of 330?
3
What is the thousands digit of 5602?
5
What is the tens digit of 12523?
2
What is the hundreds digit of 38400?
4
What is the hundreds digit of 127?
1
What is the tens digit of 4368?
6
What is the ten thousands digit of 25575?
2
What is the tens digit of 2637?
3
What is the tens digit of 8431?
3
What is the hundreds digit of 500?
5
What is the tens digit of 140725?
2
What is the hundreds digit of 82834?
8
What is the tens digit of 1338?
3
What is the thousands digit of 2466?
2
What is the tens digit of 90903?
0
What is the units digit of 2749?
9
What is the hundreds digit of 1251?
2
What is the tens digit of 873?
7
What is the thousands digit of 17838?
7
What is the hundreds digit of 411?
4
What is the hundreds digit of 8790?
7
What is the units digit of 7169?
9
What is the units digit of 49886?
6
What is the thousands digit of 1376?
1
What is the tens digit of 14152?
5
What is the thousands digit of 53557?
3
What is the hundreds digit of 1398?
3
What is the units digit of 5152?
2
What is the hundreds digit of 151?
1
What is the tens digit of 4820?
2
What is the units digit of 477?
7
What is the hundreds digit of 1535?
5
What is the units digit of 1534?
4
What is the thousands digit of 76866?
6
What is the units digit of 510?
0
What is the tens digit of 24177?
7
What is the tens digit of 9860?
6
What is the units digit of 4005?
5
What is the units digit of 72072?
2
What is the thousands digit of 1457?
1
What is the thousands digit of 3177?
3
What is the ten thousands digit of 58217?
5
What is the tens digit of 55764?
6
What is the thousands digit of 18668?
8
What is the units digit of 7403?
3
What is the tens digit of 6614?
1
What is the hundreds digit of 1483?
4
What is the units digit of 129063?
3
What is the thousands digit of 4489?
4
What is the ten thousands digit of 25537?
2
What is the tens digit of 38494?
9
What is the thousands digit of 2088?
2
What is the units digit of 1850?
0
What is the hundreds digit of 429?
4
What is the hundreds digit of 31349?
3
What is the hundred thousands digit of 112090?
1
What is the units digit of 21616?
6
What is the tens digit of 328?
2
What is the thousands digit of 38679?
8
What is the ten thousands digit of 16137?
1
What is the thousands digit of 2055?
2
What is the tens digit of 220?
2
What is the tens digit of 71204?
0
What is the hundreds digit of 887?
8
What is the hundreds digit of 3796?
7
What is the tens digit of 10787?
8
What is the ten thousands digit of 16109?
1
What is the thousands digit of 1601?
1
What is the tens digit of 735?
3
What is the units digit of 1341?
1
What is the units digit of 1940?
0
What is the thousands digit of 3240?
3
What is the thousands digit of 1285?
1
What is the tens digit of 645?
4
What is the units digit of 2532?
2
What is the thousands digit of 20046?
0
What is the tens digit of 32218?
1
What is the hundreds digit of 467?
4
What is the tens digit of 2787?
8
What is the hundreds digit of 1457?
4
What is the hundreds digit of 8232?
2
What is the thousands digit of 103393?
3
What is the units digit of 447?
7
What is the thousands digit of 9328?
9
What is the tens digit of 60279?
7
What is the thousands digit of 7725?
7
What is the tens digit of 8307?
0
What is the tens digit of 42077?
7
What is the thousands digit of 10407?
0
What is the tens digit of 5373?
7
What is the thousands digit of 6402?
6
What is the tens digit of 3585?
8
What is the units digit of 17665?
5
What is the thousands digit of 1148?
1
What is the tens digit of 10682?
8
What is the units digit of 9769?
9
What is the thousands digit of 4340?
4
What is the hundreds digit of 1302?
3
What is the tens digit of 92?
9
What is the hundreds digit of 198?
1
What is the tens digit of 651?
5
What is the thousands digit of 140438?
0
What is the hundreds digit of 7212?
2
What is the tens digit of 4722?
2
What is the hundreds digit of 154101?
1
What is the thousands digit of 5230?
5
What is the tens digit of 21754?
5
What is the units digit of 17130?
0
What is the tens digit of 1887?
8
What is the tens digit of 1100?
0
What is the tens digit of 883?
8
What is the thousands digit of 3898?
3
What is the thousands digit of 8071?
8
What is the units digit of 232?
2
What is the thousands digit of 7218?
7
What is the tens digit of 2876?
7
What is the units digit of 5239?
9
What is the tens digit of 19393?
9
What is the hundreds digit of 1240?
2
What is the thousands digit of 35375?
5
What is the ten thousands digit of 45012?
4
What is the tens digit of 139751?
5
What is the units digit of 75152?
2
What is the hundreds digit of 20891?
8
What is the units digit of 40249?
9
What is the tens digit of 11582?
8
What is the hundreds digit of 11760?
7
What is the units digit of 756?
6
What is the tens digit of 871?
7
What is the units digit of 8849?
9
What is the hundreds digit of 6606?
6
What is the thousands digit of 14958?
4
What is the hundreds digit of 13479?
4
What is the tens digit of 1050?
5
What is the hundreds digit of 43639?
6
What is the ten thousands digit of 47411?
4
What is the units digit of 10109?
9
What is the thousands digit of 2366?
2
What is the tens digit of 376?
7
What is the tens digit of 1639?
3
What is the hundred thousands digit of 100310?
1
What is the tens digit of 23062?
6
What is the tens digit of 31941?
4
What is the units digit of 318?
8
What is the tens digit of 1082?
8
What is the units digit of 1649?
9
What is the hundreds digit of 15123?
1
What is the tens digit of 733?
3
What is the hundreds digit of 2347?
3
What is the hundreds digit of 26841?
8
What is the thousands digit of 53257?
3
What is the units digit of 499?
9
What is the tens digit of 6427?
2
What is the thousands digit of 165768?
5
What is the tens digit of 164352?
5
What is the units digit of 818?
8
What is the hundreds digit of 1514?
5
What is the tens digit of 5280?
8
What is the hundreds digit of 63806?
8
What is the tens digit of 6235?
3
What is the tens digit of 11318?
1
What is the hundreds digit of 932?
9
What is the hundreds digit of 23298?
2
What is the units digit of 10237?
7
What is the hundreds digit of 6711?
7
What is the thousands digit of 4159?
4
What is the units digit of 499?
9
What is the ten thousands digit of 20406?
2
What is the tens digit of 25915?
1
What is the tens digit of 2736?
3
What is the units digit of 51306?
6
What is the tens digit of 305?
0
What is the thousands digit of 7102?
7
What is the thousands digit of 7348?
7
What is the units digit of 21943?
3
What is the ten thousands digit of 17363?
1
What is the tens digit of 459?
5
What is the units digit of 5946?
6
What is the tens digit of 3488?
8
What is the thousands digit of 2944?
2
What is the units digit of 12794?
4
What is the units digit of 9739?
9
What is the units digit of 1?
1
What is the hundreds digit of 12148?
1
What is the tens digit of 55759?
5
What is the ten thousands digit of 81760?
8
What is the tens digit of 4927?
2
What is the units digit of 323?
3
What is the ten thousands digit of 11978?
1
What is the units digit of 21898?
8
What is the hundreds digit of 15286?
2
What is the tens digit of 32273?
7
What is the hundreds digit of 4185?
1
What is the hundreds digit of 3832?
8
What is the tens digit of 108820?
2
What is the ten thousands digit of 51643?
5
What is the tens digit of 4924?
2
What is the units digit of 1672?
2
What is the hundreds digit of 956?
9
What is the units digit of 2687?
7
What is the units digit of 5013?
3